he prime factors of j(q)?
2
Let r(m) = m**2 - 7*m - 1. Let o be r(10). Let u = 8 + o. List the prime factors of u.
37
Let n = -5 - -10. Let t(u) = 11 - 5*u + 6*u - n*u + 5*u. What are the prime factors of t(-8)?
3
Let p(l) = 17*l**2 + l - 1. Let o be p(-2). Suppose 0 = 5*y - o + 15. What are the prime factors of y?
2, 5
Let u be (1 + 0)/(11/22). Suppose 4*w + 5*g = 104, -w + 4*g - u*g + 13 = 0. What are the prime factors of w?
3, 7
What are the prime factors of ((-6)/(-4))/((-6)/(-156))?
3, 13
Suppose 0 = 4*r - 122 - 130. Let p = -88 + r. Let l = -15 - p. What are the prime factors of l?
2, 5
Let k be (12/16)/((-2)/(-8)). Let s = k + -3. Let p = 2 + s. What are the prime factors of p?
2
Suppose 0*u = 6*u - 12. Suppose -u*y - 4*q + 44 = -0*q, 3*y = q + 73. What are the prime factors of y?
2, 3
List the prime factors of (-4 + 3)/((-3)/249).
83
Let u(m) = -4*m + 1. Suppose -3*r + 4*c - 5 + 2 = 0, -2 = 2*r - 4*c. Let d be u(r). Suppose 16 = 3*t - d. List the prime factors of t.
7
Let i = 136 + -31. List the prime factors of i.
3, 5, 7
Suppose -4*t + 2*v = -38, -2*t + 7*t - 50 = 3*v. Suppose -t = -3*f - 4*h + 3*h, 5*h + 4 = -2*f. Suppose 3*p - f - 3 = 0. List the prime factors of p.
2
Suppose 4*a + a + 4*u - 165 = 0, -a = -5*u - 4. What are the prime factors of a?
29
Let d = 93 + -55. What are the prime factors of d?
2, 19
Let q(l) = l**3 + 6*l**2 + 5*l + 7. Let d be 2 + -4 + 1/1. Let y be d + -4 + 1 + -1. List the prime factors of q(y).
7
Let q(a) = -7*a. List the prime factors of q(-2).
2, 7
Suppose 2*z = -0*z + 6. Let d(m) = 8*m. Let h be d(z). Suppose -h = 2*f - 5*f. List the prime factors of f.
2
Let r(p) = -p**3 - 5*p**2 - p. Let s be r(-5). Let v(m) = m**3 + 2*m - m - 2 - 5*m**2 + 7. What are the prime factors of v(s)?
2, 5
What are the prime factors of 32/(-112) + 326/14?
23
Let k = 355 + -68. List the prime factors of k.
7, 41
Suppose 5*o - 109 = 4*o. List the prime factors of o.
109
Suppose -2*r + 185 = -319. Let t be r/4 + (-2)/(-1). Suppose 5*b = 5*q - 0*q + t, -2*b - 2*q + 14 = 0. List the prime factors of b.
2, 5
Suppose 0 = q + p - 76, -2*p + 3*p = -5. List the prime factors of q.
3
Let h(i) = 14*i - 3. Let g = -13 - -16. What are the prime factors of h(g)?
3, 13
Let m = 9 + -21. Let h = m + 6. What are the prime factors of ((-2)/h)/((-1)/(-66))?
2, 11
Let f = -16 + 16. Let w(j) = -j - 4. Let t be w(-7). Suppose 5*d - t*d - 18 = f. List the prime factors of d.
3
Let x(y) = -y**2 - 4*y - 2. Let j be x(-4). Let s = j + 7. Let a = s - 3. What are the prime factors of a?
2
Let d = 229 + -157. Suppose -u + d = 3*u. Suppose 3*c - u = 2*a + 3, 3*a = 0. What are the prime factors of c?
7
Let s(h) = -h**2 + 5*h + 5. Let z(f) = -f. Let p(n) = -s(n) - 3*z(n). Suppose -1 = 2*c - 11. List the prime factors of p(c).
2, 5
Let b = 1 - 2. Let v be (2/1)/(b + 2). Suppose 5*u + 2*x = 2, -v*u - 3*x - 4 = 2*u. What are the prime factors of u?
2
Let m(s) = -s**2 - 6*s + 1. Let i be m(-6). Suppose 7 - i = h. What are the prime factors of h?
2, 3
Suppose -o - 22 = -6*r + r, 3*o = -4*r + 10. Suppose 0 = 3*f - 15, 50 = -r*q + q - 2*f. List the prime factors of ((-18)/5)/(6/q).
2, 3
Let t(i) = -i - 4. Let o be t(-7). Let j be -1 + 2*o/3. Suppose 2 = a - j. List the prime factors of a.
3
Let m(s) be the first derivative of 5*s**3/3 + s**2/2 + 2*s - 3. What are the prime factors of m(2)?
2, 3
Let a(m) = -m**3 + 5*m**2 - 5*m - 1. What are the prime factors of a(-6)?
5, 17
Suppose 0 = -y + 3*s + 141, 3*s + 682 - 136 = 4*y. List the prime factors of y.
3, 5
Let r(h) = -3*h - 3*h + 0*h**3 + 8*h**2 - 4 - h**3. Let m be r(7). Suppose -m*y = y, -60 = -5*f + 5*y. What are the prime factors of f?
2, 3
Let x(f) = f**3 - 6*f**2 + f + 2. Suppose w - 9 = 3*h, 2*w + 4*h - 3*h - 11 = 0. Let y be x(w). Suppose -52 - y = -3*q. What are the prime factors of q?
2, 5
Let m(r) = r**2 - 4. Let c be m(-3). Suppose -3*h - c*w = 157, 5*h + 274 = 2*w + 2*w. What are the prime factors of (2/(-6))/(2/h)?
3
Let q = -3 - 0. Let a be (q - 1)*5/10. List the prime factors of 1/a - (-231)/22.
2, 5
Suppose -27 = a - 5*x, -3*x + 1 = 4*a - 6. Let d be -1*(1 + a) + 0. Let p = d - -12. List the prime factors of p.
13
Let t(b) = b**3 + 8*b**2 - 9*b + 2. Let p = -10 + 1. List the prime factors of t(p).
2
Let v = -28 - -65. List the prime factors of v.
37
Suppose -2*u + 6 = -x, -3*u + 9 = -6*u - 3*x. List the prime factors of 12*u/(2 - -1).
2
Let i be 1 + (-2 - (-14)/2). Let w be ((-3)/3)/(1*-1). Suppose 0 = -u + w + i. What are the prime factors of u?
7
Let u = -14 + 10. Let c = 6 + u. Suppose -c*w - 26 = -4*t, 0*t - 16 = -2*t + 4*w. What are the prime factors of t?
2, 3
Suppose -7*c + 150 = -571. List the prime factors of c.
103
Let u = 8 - -405. List the prime factors of u.
7, 59
Let h(p) = -8*p. List the prime factors of h(-3).
2, 3
Let k be 34/3*(8 + 4). Let x = k - 93. What are the prime factors of x?
43
Let q = 11 - 8. Suppose q*k = 4*t + 41, -6*t = -k - 4*t + 13. What are the prime factors of k?
3, 5
Let t(p) = p**3 - 5*p**2 + 2*p + 2. Suppose 0*m = 4*m - 20. Let f be t(m). Let l = f - 3. What are the prime factors of l?
3
Let l = -5 + 12. Let y(k) = -6*k + 0 - k**2 - 6 + 1 + 2*k**2. List the prime factors of y(l).
2
Suppose -3*b = -2*z + 48, -3*b - 8 + 80 = 2*z. List the prime factors of z.
2, 3, 5
Let j(d) = 4*d - 3. Let m be j(2). Suppose -4*b + 3 = 4*r - 1, 0 = -2*r - 2. Let q = b + m. What are the prime factors of q?
7
Suppose 0 = -3*u + 4*v - 20, -2*u - 5 = 2*u - v. Suppose u = 6*i - i - 115. What are the prime factors of i?
23
Suppose -6*a = -4*a - 122. List the prime factors of a.
61
Suppose -3*h - 3*m - 1489 = -8*h, 0 = 2*h + 5*m - 608. What are the prime factors of h?
13, 23
Suppose -13*o + 836 + 2830 = 0. What are the prime factors of o?
2, 3, 47
Let o(v) = 5*v**2 - 4*v + 3. Let k be o(2). Suppose -6*j + 20 = -j, l - k = -j. Suppose -2*c + l = -13. List the prime factors of c.
2, 3
Suppose 2*v - 110 = -o, 3*v - 59 - 115 = 3*o. What are the prime factors of v?
2, 7
Let q = -3 - 0. Let n(i) = -5*i - 3. Let s be n(q). Let y = s + 5. What are the prime factors of y?
17
Let s(x) = x**2 - 6*x + 2. Let p be s(6). Suppose 0 = -5*l - 3*q + 2*q + 74, 0 = -2*l - 4*q + 44. List the prime factors of (2 - p - l)/(-1).
2, 7
Suppose 2*a + 38 = 3*a. What are the prime factors of a?
2, 19
Suppose 3*s - 5*s = 126. Let x = s - -123. List the prime factors of x/27 - 4/18.
2
Suppose c - 232 = -3*c. List the prime factors of c.
2, 29
Let v(c) = 0*c - 1 + 5*c - 1. Let u be v(7). Suppose 11 = -2*z + u. What are the prime factors of z?
11
Let b = -431 - -622. List the prime factors of b.
191
What are the prime factors of 7 - 5*(-4)/(-20)?
2, 3
Let z(i) = -i**3 + 4*i**2 - 4*i + 2. Let j be z(2). What are the prime factors of (-2)/(-5)*50/j?
2, 5
Let p(t) = t + 5. Let c(f) = 4*f + 21. Let u(v) = -2*c(v) + 9*p(v). Let d be u(-3). Suppose d*b = 2*b - 8. List the prime factors of b.
2
Let c(z) = -z + 2. Suppose -3*m + y + 43 = 0, -m = -y - 2*y - 1. Let a = 11 - m. List the prime factors of c(a).
7
Let m = 10 - 9. List the prime factors of 4 - m - (-3 + -6).
2, 3
Suppose -2*u = 2*o + 12, -5*o - 4 = -3*u + 2. Let j = o + 21. List the prime factors of j.
2, 3
Let u(a) = a - 1. Let z(t) = 3*t - 11. Let v be z(6). List the prime factors of u(v).
2, 3
Let d be 2 - 3 - (-5 + 4). Suppose 4*g + 20 = d, 5*g = -3*n + g + 28. Suppose -4*b = -4*u - 36, 3*b - u = 7 + n. List the prime factors of b.
7
Suppose 0 = 4*x + x. Let f(k) = k**2 - k + 2. List the prime factors of f(x).
2
Suppose k + 6 = -0*k. What are the prime factors of -3 + k/1*-4?
3, 7
Suppose 2*t = 5*t - 5*x - 75, -x = -t + 25. List the prime factors of t.
5
Suppose -5*m = -6*m + 43. What are the prime factors of m?
43
Suppose -7*q = -5*r - 10*q + 810, 2*r - 355 = 5*q. List the prime factors of r.
3, 5, 11
Suppose j + 55 = 2*j - 5*m, -5*j + 135 = 3*m. List the prime factors of j.
2, 3, 5
Suppose -5*d - 2 + 7 = 0. Let o = 2 + d. What are the prime factors of o?
3
Suppose b + 0*b + 2 = 0. Let i(m) = -5*m - 1. What are the prime factors of i(b)?
3
List the prime factors of -24*18/(-20)*35/42.
2, 3
Suppose -3*z + 18 + 3 = x, 0 = 3*x - 2*z - 30. What are the prime factors of x?
2, 3
Let s(h) = -9*h. Suppose 5*i = 2*d + 29, -3*i = 4*d - 1 - 6. List the prime factors 